60.
48
Suppose 139*j = 138*j + 2. Suppose 4*x + r - 5*r = 16, -x + 13 = j*r. What is the remainder when x is divided by 3?
1
Let h be -1*(2 - (8 + 1)). Let v(n) = 16 + h*n - 6 + n**2 - 2*n**2 + 0. Calculate the remainder when v(8) is divided by 1.
0
Let v = -82 - -157. Calculate the remainder when 3 + 218 - (-5 + 3) is divided by v.
73
Let y = 52 + -29. Suppose -6*w + 4*w + 256 = -2*r, -r = 3. Suppose -w*i = -137*i + 1356. Calculate the remainder when i is divided by y.
21
Let u(k) = k**3 - k**2 + 26*k - 75. What is the remainder when 4009 is divided by u(3)?
19
Suppose -35*y - 100 = -64*y + 741. What is the remainder when 337 is divided by y?
18
Let y be (-9 + 7)*-1 - (-2 - -4). Suppose y = 3*q - 2*k - 41 - 34, 5*k - 150 = -5*q. Calculate the remainder when 916 is divided by q.
25
Let s be 144*((-175)/(-20) - 5). Suppose 6*a + 6*a - s = 0. Calculate the remainder when 94 is divided by a.
4
Let r = -94 + 3. Suppose 0 = 2*v + 3*v - 760. Let d = r + v. Calculate the remainder when d is divided by 22.
17
Let f(w) = 38*w**3 - 2*w. Let p(t) = -660*t - 644. What is the remainder when f(2) is divided by p(-1)?
12
Suppose 30*r - 655 = -205. Let g = r + 34. Calculate the remainder when 60 is divided by g.
11
Suppose 400 = 204*b - 200*b - d, 2*d - 400 = -4*b. Calculate the remainder when 128 is divided by b.
28
Let t = -1 - -1. Suppose t*z = -4*z + 3*m + 1, -m = 4*z - 21. Suppose 197 = z*s + 5. Calculate the remainder when s is divided by 13.
9
Let h(y) = 13*y + 250. Calculate the remainder when 1900 is divided by h(-14).
64
Suppose 3*g + 3*w + 388 = 1156, -w - 3 = 0. What is the remainder when 1286 is divided by g?
250
Calculate the remainder when 301 + 12 + -20 - -7 is divided by 291.
9
What is the remainder when (-48)/(-456) - (-56)/38*23 is divided by 32?
2
Let i(c) = 6*c**2 + 27*c + 21. Calculate the remainder when 323 is divided by i(-5).
35
Suppose 52*o + 3630 - 11014 = 0. What is the remainder when o is divided by 3*4/(-3)*(6 + -18)?
46
Let y = 6258 - 5653. What is the remainder when y is divided by 158?
131
Let d = -21 - -55. Suppose 74*l = 65*l + 6399. What is the remainder when l is divided by d?
31
Let w(m) = -m**2 + 10*m + 13. Let z be w(11). Let p(l) = 4*l**2 + 1 + 12*l**2 - l - l**2 + 9*l**2. What is the remainder when p(z) is divided by 49?
46
Let w(u) = u**2 - 30*u + 108. Let r(o) = -4*o**2 + 119*o - 430. Let h(p) = -2*r(p) - 9*w(p). What is the remainder when 53 is divided by h(26)?
9
Suppose -3*c - 2*c + 210 = 0. Let x = 467 - 467. Suppose x = -5*y - 4*u + 87, 2*y = y - 2*u + 21. Calculate the remainder when c is divided by y.
12
Let c = 5727 + -4317. Calculate the remainder when c is divided by 286.
266
Let t(c) = -c**3 - 23*c**2 + 4*c - 25. Let z be t(-23). Let x = -62 - z. Suppose -48*m + 53*m = x. Calculate the remainder when 42 is divided by m.
9
Suppose -17448 = -5*n - 4*h, -10*h + 5*h + 13962 = 4*n. Suppose n + 22 = 5*t. What is the remainder when t is divided by 44?
42
Let r(z) = z**2 + 2*z. Let t be r(-8). Suppose t = -2*f + 126. What is the remainder when f is divided by 11?
6
What is the remainder when ((-1)/3 - 115/(-138))/((-43)/(-72154)) is divided by 23?
11
Suppose -3*k + 2897 = -w - 2209, -1722 = -k - 3*w. Calculate the remainder when k is divided by 122.
118
Let l(k) = -27*k + 24. Let v be l(-10). Let t = v + -251. What is the remainder when 644 is divided by t?
42
Suppose -4*b + 65 = 17. What is the remainder when b is divided by 52/13 - 2/(8/(-12)) - 2?
2
Suppose -2*m + 95 - 1711 = -6*m. What is the remainder when m is divided by 133?
5
Suppose -16 = w - 22. Suppose 4*s - w = -3*g, 0 = -s - 2*g - 1. Suppose -x - 6*c = -5*c - s, -c - 2 = 0. Calculate the remainder when 33 is divided by x.
3
Suppose -5*k + 45 = 5*s, 5*s - 23 = 2*s + k. Calculate the remainder when 683 is divided by s.
3
Let j(b) = -b**3 + 2*b**2 + 124. Calculate the remainder when j(0) is divided by (-8 - (-4 - 37)) + 9.
40
Let m be 5*-1*46/115. What is the remainder when 41 is divided by (-18 + 19)*(m + 11)?
5
Let w = 366 + -364. Calculate the remainder when (-282)/(-54) - -3 - w/9 is divided by 5.
3
Let i = 5379 + -5268. What is the remainder when 253 is divided by i?
31
Let x be (-1)/(-2 - 6/(-2)). Let h = 3005 - 2983. Calculate the remainder when x/(-2) + (-726)/(-12) is divided by h.
17
Let i = 16576 + -11168. Calculate the remainder when i is divided by 142.
12
Let j(s) = s**3 + s**2 - 18*s + 1. Let v be j(4). Suppose -v*k = -9 - 9. Calculate the remainder when 10 - (-1 + -3 + 6) is divided by k.
0
Let k = -39118 - -39142. Let i be ((-4)/3)/(6/27). Let s(w) = 2*w**2 + w + 2. Calculate the remainder when s(i) is divided by k.
20
Let a = 468 + 364. What is the remainder when 2539 is divided by a?
43
Calculate the remainder when 2098 is divided by -7*(-9 - -10)*-15*4/14.
28
Suppose 0 = 9*f - 8*f - 9634 + 129. Calculate the remainder when f is divided by 97.
96
Let w(z) = z. Let s be w(-21). Suppose -m = -0*m - 26. Let q = m + s. What is the remainder when 23 is divided by q?
3
Suppose 3*y + 99*a = 103*a + 328, 2*y - 213 = -3*a. Calculate the remainder when y is divided by -2 - -34 - (-2)/2.
9
Suppose 0 = u - 1 + 3, -4*u - 8948 = -4*z. Suppose -4*s - 11*s + z = 0. Calculate the remainder when s is divided by 38.
35
What is the remainder when (176/(-33) - 7)/((-2)/24) is divided by 107?
41
Suppose 0 = -177*q + 189*q - 36. Calculate the remainder when ((-224)/60*q)/((-8)/20) is divided by 7.
0
Let c(p) = -p**2 + 5*p + 21. Let i = 26 - 6. What is the remainder when i is divided by c(7)?
6
Suppose 51 = -836*q + 417*q + 422*q. Suppose 2*w - 7 = -19. What is the remainder when 255/9 + 2/w is divided by q?
11
Let q(n) = 33*n**2 - 364*n - 727. Calculate the remainder when 922 is divided by q(-2).
124
Suppose 0 = 2*d - 222 - 158. Suppose -11*w = -79*w + 4352. What is the remainder when d is divided by w?
62
Suppose -50*b - 94 = -51*b. Let z be ((-24)/10)/(21/(-560)). Suppose 3*x - z = 35. What is the remainder when b is divided by x?
28
Suppose q = 4*s - 0*q - 103, s = 4*q + 7. Let c = s - 23. What is the remainder when -2 - -1 - (-13)/((-65)/(-90)) is divided by c?
1
Let y = -2102 - -2117. Suppose 0*f + f = 26. Calculate the remainder when f is divided by y.
11
Let h be (3 - 8)/((20/4)/(-5)). Suppose 0 = 3*z + h*n + 180, -46 = 5*z - 4*z - 3*n. Let u = 3 - z. What is the remainder when u is divided by 13?
6
Let q = 23690 - 23466. Calculate the remainder when 469 is divided by q.
21
Let p(x) = 150*x**2 - x. Calculate the remainder when 1197 is divided by p(1).
5
Let k(z) = -1315*z - 502. What is the remainder when k(-7) is divided by 32?
31
Suppose -6*o - 88 = -580. Let k(i) = 11*i + 40. What is the remainder when o is divided by k(-2)?
10
Let w(h) = 2*h**2 - 5*h - 3. Let g = -128 + 131. Let q(a) = -a**3 + 5*a**2 - 5*a + 2. Let s be q(g). Calculate the remainder when w(s) is divided by 13.
9
Calculate the remainder when 671 is divided by (-632)/(-24) + (-3)/18*2.
21
Let u be 0 - ((-8 - 0) + -1). Let z(f) = f**2 - 7*f - 1. Suppose 76 = 8*l - 4*m, 2*m = 2*l - 3*m - 7. What is the remainder when z(u) is divided by l?
6
Suppose 4*d + 235 = 727. Suppose 0*h + 148 = j + h, j = 4*h + d. Let o = j + -111. Calculate the remainder when o is divided by 21.
11
Let q(j) = -778*j - 3629. Calculate the remainder when q(-8) is divided by 118.
117
Suppose -n = 4*n - 80. Let c(d) = -5*d + 91. Let r be c(12). Suppose -r*z = -38*z + 413. Calculate the remainder when z is divided by n.
11
Suppose 0*k = 5*k - 90. Let i(f) = 23*f**2 - 203*f + 509. Calculate the remainder when i(5) is divided by k.
15
Suppose 4*j = 7*t - 4*t - 1075, 2*j = -4*t + 1404. Suppose t + 109 = 14*s. What is the remainder when s is divided by 6?
3
Let z be (22/12 + 14/21)*6. Suppose 2*r + z = 95. Suppose -k = -44 - r. What is the remainder when k is divided by 17?
16
Let y(h) = 7*h**2 + 12*h + 964. Calculate the remainder when y(45) is divided by 10.
9
Let w(b) = 3*b**2. Suppose -2147 = 16*g - 2483. Calculate the remainder when g is divided by w(2).
9
Let m(b) = 5*b - 30. Let u be m(7). Suppose j - 5*q = 23, u*q + 5 = -3*j - 2*j. What is the remainder when 25 is divided by (-4)/(-4*j/18)?
1
Let h be 99 - 2 - (-44)/(-11). Suppose -3*j + h = -0*j. Let a = j + 8. What is the remainder when 192 is divided b